emainder when o is divided by s(r)?
5
Let p be (-3)/(((-11)/55)/((-4)/(-30))). Suppose 0 = 3*v + p*v + 15, -q - 3*v = -53. What is the remainder when q is divided by 9?
8
Let g = -2511 - -2542. Let m(o) = -7*o + 1. What is the remainder when m(-8) is divided by g?
26
Suppose -j - l - 23 = 0, 11*j - 4*l = 6*j - 97. What is the remainder when (-447)/j + 8/(-28) - -3 is divided by 6?
0
Let m be (-3)/(-12) + (-1995)/(-84). Suppose 19*l = 23*l - m. Let d = 12 - 4. What is the remainder when d is divided by l?
2
Suppose 4*c = 2*a - 18, -3*c + 3*a = 2*c + 24. What is the remainder when 998/8 - (-1)/4 is divided by (-10 + 4)*(19/c - -4)?
13
Let r(m) = -m**2 - 15*m + 350. Suppose 0*y = -4*y + 2*i + 300, 3*y - 225 = 5*i. What is the remainder when y is divided by r(-27)?
23
Calculate the remainder when 85 is divided by 142/5 + (616/(-55))/8.
4
Let b be ((-6)/(-2) - 2)/(1/(-2)). Let f(w) = 309*w**2 + w + 2. Let c be f(b). Suppose 12*d + 360 = c. What is the remainder when d is divided by 15?
13
Let q(v) = -27*v - 131. Let n(h) = -140*h - 656. Let u(o) = 5*n(o) - 24*q(o). Calculate the remainder when u(-4) is divided by 32.
8
Let a(j) = 9*j**2 - 81*j + 18. Calculate the remainder when a(-12) is divided by 88.
86
What is the remainder when 13802 is divided by (-15)/(-6)*(-14 + 2646/105)?
26
Let j be 6/(-8) + 19*(-3)/(-12). Suppose 36 = -j*b - 2*b. Let q = b - -21. What is the remainder when 42 is divided by q?
12
Let j be (-1036)/(-11) - 38/209. Calculate the remainder when j - 0 - (3 + 72/(-9)) is divided by 51.
48
Let f = 0 - -11. Suppose 174*g - 171*g = -2*s + 7, -2*g = -4*s + 22. Let r(z) = -z**2 + 14*z - 3. What is the remainder when r(s) is divided by f?
9
Suppose -2 = -2*w + 2. Let z be 3 + (-5)/w + 5/2. Suppose 6*f - 9*f + 12 = -3*d, -f + z*d = 0. What is the remainder when 22 is divided by f?
4
Calculate the remainder when 909 is divided by (1 - 14) + 19 - -6.
9
Suppose -1087 = -p + 9*h, 3*p + 5*h = 3899 - 862. What is the remainder when p is divided by 49?
44
Calculate the remainder when 266 is divided by 26 - (-5)/(-20)*52.
6
Suppose 1 = w, -2*o - 4*w + 37 = -o. Let k(z) = 17*z - 320. Calculate the remainder when o is divided by k(20).
13
Suppose 120*t - 90*t = 2490. What is the remainder when 399 is divided by t?
67
Calculate the remainder when (1 - -12)/((-1496)/1411 + 1)*-5 is divided by 122.
103
Let s(p) = p**2 + 18. What is the remainder when (-34 + 13 + -9)/(1 + -2) is divided by s(0)?
12
Let w = 70 + -59. Suppose 7*a + 3*u = w*a - 67, 2*a + 2*u = 30. What is the remainder when 55 is divided by a?
7
Suppose 0 = -3*v + 50 - 20. Suppose -v*c + 31*c - 273 = 0. Calculate the remainder when 86 is divided by c.
8
Let p = -18 + 42. Let w be 3*7/(-28)*12*-6. Calculate the remainder when (38 - w)*((-9)/4 + -2) is divided by p.
20
Let u = -516 - -660. Calculate the remainder when u is divided by 71.
2
Suppose 3*p + 5*u - 580 = 0, 7 - 985 = -5*p + 3*u. Suppose q = 3*r + 166, -3*q + 3*r + 291 = -p. Calculate the remainder when q is divided by 33.
28
Let w be (-1420)/15*-2*(-2 - -5). Suppose 61*s - 57*s - w = 0. Calculate the remainder when s is divided by 40.
22
Let o = 17 - 14. Let w(s) = -s**3 + 11 + 11*s - o*s**2 + 3*s - 10*s. What is the remainder when w(-6) is divided by 16?
15
Let f(w) = w**3 + 22*w**2 - 131*w + 27. Calculate the remainder when f(6) is divided by 47.
14
Calculate the remainder when (3 - 2)*(-117)/78 + (-7718)/(-4) is divided by 138.
134
Let q(l) = 25*l - 513. What is the remainder when 97 is divided by q(23)?
35
Let w = 14 + -12. Suppose 0 = -h - 0*u - 4*u + 20, -w*u - 8 = -4*h. Calculate the remainder when -1 + h + (-90)/(-1) is divided by 16.
13
Let y(v) = -5*v**3 - 2*v**2 - 13*v - 5. Calculate the remainder when y(-2) is divided by 3/(9/(-3))*-6.
5
Let d = 26858 - 23327. Calculate the remainder when d is divided by 3.
0
Suppose -d + 51 = 20. Suppose 2*y + v - d = 0, y + 14 = 2*y + v. Suppose 55 = -5*g, -7*l - 2*g - 6 + 4 = -2*l. What is the remainder when y is divided by l?
1
Suppose 5*q + 47*k = 51*k + 710, -740 = -5*q - 2*k. Suppose d - 202 = -4*a + 3*d, -3*d + 258 = 5*a. What is the remainder when q is divided by a?
44
Let i = -2441 + 2507. What is the remainder when 588 is divided by i?
60
Let s be (33/297)/(-1*(-1)/9). Let i(m) = 70*m**3 + 2*m - 1. What is the remainder when i(s) is divided by 30?
11
Let m(a) = -a**3 - 28*a**2 - 28*a + 139. What is the remainder when 437 is divided by m(-27)?
105
Suppose -10*o = -615 + 145. Let s(r) = -107*r - 15. What is the remainder when s(-1) is divided by o?
45
Let d = 38 + -37. Let g be (3 - (-3)/(-1))/(-1 - d). Suppose g = -5*c + 25, 0 = -u + 2*c - c + 5. What is the remainder when 37 is divided by u?
7
Suppose k = -3*k - 2*h + 82, 0 = 4*k - h - 67. What is the remainder when 235 is divided by k?
1
Calculate the remainder when 233 is divided by 272/14 + 788/1379.
13
Let u = 7 + 11. Let b = -42687 - -42884. Calculate the remainder when b is divided by u.
17
Let l = 37 - 31. Suppose 3*u + 3*m - 21 = l*m, 4*u + 3*m = 0. Suppose 0*d - 24 = -d - 5*n, 12 = 4*d - n. What is the remainder when d is divided by u?
1
Suppose 3*n - 900 = -5*o - 221, -2*n - 4 = 0. What is the remainder when 2167 is divided by o?
112
Let j(w) be the third derivative of -w**4/12 - 3*w**3 + 30*w**2. Let x be j(-5). Calculate the remainder when 27 is divided by 115/20 + 1 - 2/x.
6
Let c(h) = -h**2 - 6*h + 8. Let j be c(-11). Let a = j - -74. Suppose -10*w - a = -67. Calculate the remainder when 15 is divided by w.
3
What is the remainder when 278 is divided by 324 - 288 - (1 + 13)?
14
Suppose 3*w - 46 + 10 = -3*d, 0 = -4*d + 3*w + 20. Calculate the remainder when 398/2 + 3/(-1) + d is divided by 30.
24
Let t(n) = 3*n**2 - 3*n + 10. Let h be t(2). Suppose 15*j - 464 = h. Calculate the remainder when 60 is divided by j.
28
Suppose 0 = 11*r - 6971 - 4282. Calculate the remainder when r is divided by 206.
199
Let u(v) be the first derivative of -2*v**3/3 - 24*v**2 + 12*v + 235. What is the remainder when 53 is divided by u(-24)?
5
Suppose -416*a - 145*a + 121*a = -160600. Calculate the remainder when a is divided by 0/2 - (-46 + 0).
43
Suppose 4*z + 2*c - 1396 = 542, z + 2*c - 486 = 0. Calculate the remainder when z is divided by 47.
14
Suppose 2*x + 2*r + 106 = -88, -r + 103 = -x. Calculate the remainder when (38/5)/((-8)/x) is divided by 49.
46
Let n(u) = -1 + 109*u**3 - 2*u - 3*u**2 + 2*u**2 - 108*u**3. Let s be n(3). Suppose -11 = s*l - 12*l. Calculate the remainder when 54 is divided by l.
10
Let h(p) = 3*p**3 + 111*p**2 - 23*p - 107. Calculate the remainder when h(-37) is divided by 742.
2
Let m(h) = -18*h + 11. Calculate the remainder when m(-7) is divided by (-2520)/810*9/(-2).
11
Let j(k) = k**2 + 2*k - 11. Let a = 178 + -172. What is the remainder when j(a) is divided by 10?
7
Let v = -16 - -39. Suppose 613 = -2*y + 619. Calculate the remainder when v is divided by y.
2
Let y be (-10)/(-6)*(-7)/(35/(-18)). Calculate the remainder when 68 is divided by 6 - (-4)/(y/3).
4
Let j be 25218/(-90)*10/(-6). Let w = -462 + j. Calculate the remainder when w is divided by 6/(-4)*2/(-1).
2
Let t = 7454 - 7393. Calculate the remainder when 129 is divided by t.
7
Let w(q) = -178*q + 3185. What is the remainder when 4450 is divided by w(17)?
157
Let v = 25432 + -23260. What is the remainder when v is divided by 198?
192
Let z = 16244 - 14597. Calculate the remainder when z is divided by 33.
30
Let n = -88 - -190. What is the remainder when 1527 is divided by n?
99
Let u(z) = -z**3 + 97*z**2 + 76*z + 2170. What is the remainder when 2527 is divided by u(98)?
7
Suppose -3*i = -3*p + 1707, -3*p + i + 60 = -1637. Let y = -433 + p. What is the remainder when y is divided by 19?
17
Let n be 144/30 + 1/((-10)/(-2)). Suppose g - 3*j - 27 = 0, -4*g = -6*g + n*j + 50. Calculate the remainder when g is divided by (-80)/8*2/(-4).
0
Let h = 123 - 120. Suppose -h*x + 2*a = -878, 11 - 3 = 4*a. What is the remainder when x is divided by 59?
58
Let l(z) = z**3 + 4*z**2 - 69*z + 424. What is the remainder when l(11) is divided by 11?
6
Calculate the remainder when 332 is divided by (3/(-11))/(142/(-3124)).
2
Suppose 9*f - 7514 - 2719 = 0. Suppose f + 813 = 10*j. What is the remainder when j is divided by 17?
8
Suppose 0 = -77*m + 1946 +